Let s = 247 - 244. Suppose a + 1 = 0, -5*d + s*a = 4*a - 29. What is the highest common factor of 42 and d?
6
Let s be (-2 - 3) + (-46)/18*3*-3. What is the greatest common factor of s and 567?
9
Suppose 2*b = 7*b - 100. Suppose 9*y + 14 - 3092 = 0. Let a = y + -242. Calculate the greatest common factor of a and b.
20
Suppose -1207 = 5*a - 3517. Let t = 237 - 171. Calculate the greatest common factor of a and t.
66
Let k = -103 + 107. Suppose -7*c + k*c = -174. What is the greatest common factor of 29 and c?
29
Let l = -12572 - -12648. Calculate the greatest common factor of l and 3154.
38
Let x be (4 + -3)/((-1)/(-16)). Suppose 5*u + x*n - 60 = 14*n, -n = -3*u + 36. Calculate the highest common divisor of 492 and u.
12
Suppose 2345*q + 88736 = 2439*q. Calculate the greatest common divisor of 649 and q.
59
Let x(n) = -4*n + 13. Let w be x(4). Let t(r) = r**2 + 3*r + 10. Let g be t(w). Suppose g*u + 3*u - 1755 = 0. Calculate the greatest common divisor of u and 15.
15
Let m = 653 + -289. Suppose 4*x - m = -h + 9, -2*h + 779 = -3*x. What is the highest common divisor of 35 and h?
35
Let h be 2368/5 - (-1228)/3070. Calculate the highest common factor of h and 198.
6
Let s = 32 - 14. Let l(b) = -b**3 - 6*b**2 + 27*b + 6. Let v be l(3). Let y(d) = -23*d + 144. Let j be y(v). Calculate the highest common divisor of s and j.
6
Suppose -39*w + 816 = -2*w - 3*w. Suppose 5*h - 113 = 1087. Suppose 3*z + 2*z - h = 0. Calculate the highest common divisor of z and w.
24
Let h be ((-176)/(-48))/(-4 - 26/(-6)). Let b = -1 - -1. Suppose x - 2*x = -1, y - 4*x - 29 = b. Calculate the greatest common factor of y and h.
11
Let l = 70 - 61. Let s = 6 - l. Let b be s - (-23 + (-2 + 4 - 4)). Calculate the greatest common factor of b and 55.
11
Suppose 14*g + 5 = 15*g. Suppose -2*l - 4*f = -968, -4*l + 3*l + g*f = -491. What is the greatest common factor of 54 and l?
54
Let f(i) = -14*i - 138. Let y be f(11). Let h = 517 + y. What is the highest common divisor of 25 and h?
25
Let r = 2436 - 2427. What is the highest common factor of r and 171?
9
Suppose -268*g + 274*g = 30. Suppose g*r = -30 + 910. What is the highest common divisor of r and 44?
44
Suppose 5*b - 685 = -5*m, 5*b + 176 + 399 = 4*m. Calculate the highest common divisor of m and 3010.
70
Let o be 0 + (6 - (-3 + 4)). Suppose -4*f + 1368 = -o*w, -5*f - 5*w = -4*w - 1710. Calculate the greatest common factor of f and 18.
18
Suppose 0*b - b + 86 = n, 0 = 4*n + 3*b - 340. Suppose -4*h + 3*c - c = -n, 2*h + c - 31 = 0. What is the greatest common factor of 639 and h?
9
Let y(m) = 15*m**3 - 2*m - 1. Let a be y(1). Calculate the highest common divisor of 1860 and a.
12
Let b(t) = t**3 + 11*t**2 + 19*t + 14. Let o be b(-9). Suppose -6 = -k - v, 2*v - 6*v = -o*k + 30. What is the highest common factor of 4 and k?
2
Suppose 18*t = 95 + 74 + 245. What is the greatest common divisor of 47 and t?
1
Let s(r) = -8*r + 70. Let b be s(9). Let m be 8192/72 + b/(-9). Calculate the greatest common divisor of m and 152.
38
Let a = -202 + 210. Suppose 0 = -4*t + 2*t + 3*x + a, -5*x - 8 = 2*t. Calculate the highest common divisor of t and 4.
1
Let j be ((-1254)/5)/(6 + (-69)/(-15) + -11). What is the highest common factor of 132 and j?
33
Let k(n) be the first derivative of -3*n**2/2 + 261*n - 141. Let v be k(-13). Calculate the highest common divisor of 225 and v.
75
Let n(z) = 3*z**3 + 46*z**2 + 95*z + 76. Let m be n(-13). Let f(h) = 17*h**2 + 9*h + 6. Let k be f(-6). What is the greatest common divisor of k and m?
12
Let t = -1716 - -1752. Suppose -6*n = -n. Let z = n - -9. What is the highest common divisor of z and t?
9
Let v(n) = 4*n + 2. Let w be v(1). Suppose -89 = -7*b + 4*b - 2*m, 3*b = 2*m + 109. Calculate the highest common divisor of b and w.
3
Suppose -17*s + 18 = -20*s. Let j be -6*s/(-9)*30/(-40). Suppose -5*p + j*f + 809 = 0, -3*f + 145 = p + 2*f. Calculate the greatest common divisor of 20 and p.
20
Let y be (-403)/(-91) - (-68)/119. What is the highest common factor of 136 and y?
1
Suppose 0 = -13*k + 2*k + 11. Let b be (k + 249/6)/(2/4). Let w = 32 - 15. What is the highest common factor of w and b?
17
Let q be (-15 - (-1175)/75)*-12105*2/(-4). Calculate the greatest common divisor of q and 30.
15
Let h(f) = 698*f + 8381. Let b be h(-12). Calculate the highest common factor of b and 4495.
5
Let z = -4613 + 4646. Calculate the greatest common factor of z and 1342.
11
Let v = 8371 - 7948. What is the highest common factor of 2679 and v?
141
Let g = -514 - -666. Calculate the greatest common divisor of 19 and g.
19
Suppose -40*h + 25 = -49*h + 70. Calculate the greatest common factor of 745 and h.
5
Let r be 7/(-35) - (3 - (-404)/(-20)). Let s be ((30/(-5))/18)/(1/(-3)). What is the highest common factor of s and r?
1
Let x(u) = 11*u**3 - 20*u**2 - 48*u + 283. Let a be x(9). Calculate the highest common divisor of 500 and a.
250
Suppose 44*c = -2*u + 600516, -7*c + 27286 = -5*c - 5*u. Calculate the highest common factor of c and 16.
16
Suppose 566 = 6*t + 62. Calculate the highest common factor of t and 1288.
28
Let q be -2 + 943/3 + (-203)/87. Let l be (5/10)/(1/372). What is the highest common factor of q and l?
62
Let m(s) = -s**3 - 148*s**2 + 286*s + 12. Let n be m(-150). Calculate the greatest common factor of n and 15.
3
Let p(q) = 3*q - 15. Let k be p(4). Let t be k + 2/((-4)/(-22)). Let n be (4 + (-288)/45)*330/(-9). Calculate the highest common factor of n and t.
8
Suppose -40*w + 20*w + 4480 = 0. Calculate the greatest common divisor of w and 272.
16
Let z(m) = -116*m - 4126. Let g be z(-36). What is the highest common divisor of g and 23350?
50
Suppose 0 = -3*b + 2*u + 3155, 0 = -2*b - u + 3209 - 1101. Suppose 1049*j = b*j - 32. Calculate the highest common factor of j and 52.
4
Let n(g) = -4*g**3 + 48*g**2 + 61*g - 618. Let x be n(12). Suppose -5*v - 2*s = -0*s - 1419, 3*s + 579 = 2*v. Calculate the greatest common factor of x and v.
57
Let p(x) = x**2 + 12*x + 41. Let m be p(-12). Let n = 104 - m. What is the greatest common divisor of n and 189?
63
Let n(f) = f**2 + f - 22. Let o be n(5). Suppose -2 - o = -5*k. Suppose 0 = k*b + c - 54 + 18, -2*c + 24 = b. Calculate the highest common divisor of b and 128.
16
Let p(r) = 111*r**2 + 6*r + 18. Suppose o = 19 - 21. Let y be p(o). Calculate the highest common factor of 18 and y.
18
Let y(q) = -180*q + 4480. Let v be y(-45). Calculate the highest common divisor of 204 and v.
68
Let g = -208 - -284. Suppose -3*z = 55 - g. Calculate the highest common factor of z and 5.
1
Suppose 4*n = 6*n - 62. Suppose n*y = 19*y + 3348. What is the greatest common divisor of 9 and y?
9
Suppose 5*b + 2*j - 448 = 4*j, -3*j = 2*b - 164. Let r be 2/3 - (-134)/6. Let p = r + b. What is the greatest common factor of p and 74?
37
Suppose -4*b + 40 = 2*z, 69*z + 2*b = 70*z - 4. Calculate the greatest common factor of z and 11406.
6
Let l be ((-451)/88)/((105/56)/(-15)). Calculate the greatest common divisor of 533 and l.
41
Let m = -372 - -522. Let v be m/20*(-2)/(-3). What is the highest common factor of 55 and v?
5
Let o be (-101)/(-4) + (-22 - -13) - (-6)/8. Calculate the greatest common divisor of 1921 and o.
17
Let p = -18123 + 18137. What is the highest common divisor of p and 2233?
7
Let q(p) = -p**3 - 4*p**2 + 16*p + 26. Let h be q(-6). Suppose y = h*i + 4, -68 = -3*y - i - 21. What is the greatest common divisor of 42 and y?
14
Suppose -26*o + 22*o + 12 = 0. Suppose -3*g - 51 = -o*z, -4*z + 5*g - 4*g = -65. What is the greatest common divisor of z and 8?
8
Let t be (-217)/(-14) + (-1)/2. Let u = 85 - 101. Let y be (4/(16/(-15)))/(2/u). What is the greatest common factor of t and y?
15
Let j be 16/(-16)*(-2)/4*0. Suppose j*d = 11*d + 132. Let c be (13/(-4) + 1)*128/d. What is the greatest common divisor of c and 12?
12
Let u = -440 + 478. What is the greatest common factor of 7733 and u?
19
Let g = 734 + -710. What is the highest common divisor of 123 and g?
3
Suppose -4*i + 9*i = -30*i + 10045. Suppose -3*m - 82 = -5*m. Calculate the greatest common factor of i and m.
41
Suppose 0 = -3*o - 294 + 9. Let z = 144 + o. Calculate the highest common divisor of z and 637.
49
Let r be (0 - 4 - (115 - -1))*(-78)/52. What is the highest common factor of 2070 and r?
90
Let q 